{"id":1586,"date":"2025-04-14T10:15:41","date_gmt":"2025-04-14T10:15:41","guid":{"rendered":"http:\/\/31.217.192.161\/~ajatonma\/?page_id=1586"},"modified":"2025-05-12T11:55:13","modified_gmt":"2025-05-12T08:55:13","slug":"keskijanniteratkaisut","status":"publish","type":"page","link":"http:\/\/31.217.192.161\/~ajatonma\/keskijanniteratkaisut\/","title":{"rendered":"Keskij\u00e4nniteratkaisut"},"content":{"rendered":"\t\t<div data-elementor-type=\"wp-page\" data-elementor-id=\"1586\" class=\"elementor elementor-1586\" data-elementor-post-type=\"page\">\n\t\t\t\t<div class=\"elementor-element elementor-element-15ef836 e-flex e-con-boxed e-con e-parent\" data-id=\"15ef836\" data-element_type=\"container\" data-settings=\"{&quot;background_background&quot;:&quot;gradient&quot;}\">\n\t\t\t\t\t<div class=\"e-con-inner\">\n\t\t\t\t\t<\/div>\n\t\t\t\t<\/div>\n\t\t<div class=\"elementor-element elementor-element-a59e5b8 e-flex e-con-boxed e-con e-parent\" data-id=\"a59e5b8\" data-element_type=\"container\" data-settings=\"{&quot;background_background&quot;:&quot;classic&quot;}\">\n\t\t\t\t\t<div class=\"e-con-inner\">\n\t\t<div class=\"elementor-element elementor-element-9738c3d e-flex e-con-boxed e-con e-child\" data-id=\"9738c3d\" data-element_type=\"container\">\n\t\t\t\t\t<div class=\"e-con-inner\">\n\t\t<div class=\"elementor-element elementor-element-918aaf1 e-con-full e-flex e-con e-child\" data-id=\"918aaf1\" data-element_type=\"container\">\n\t\t<div class=\"elementor-element elementor-element-eaaa294 e-con-full e-flex e-con e-child\" data-id=\"eaaa294\" data-element_type=\"container\">\n\t\t\t\t<div class=\"elementor-element elementor-element-b6a7daf elementor-widget elementor-widget-heading\" data-id=\"b6a7daf\" data-element_type=\"widget\" data-widget_type=\"heading.default\">\n\t\t\t\t<div class=\"elementor-widget-container\">\n\t\t\t\t\t<h1 class=\"elementor-heading-title elementor-size-default\">Keskij\u00e4nnite&shy;ratkaisut<\/h1>\t\t\t\t<\/div>\n\t\t\t\t<\/div>\n\t\t\t\t<div class=\"elementor-element elementor-element-4b9d782 elementor-widget__width-inherit elementor-widget elementor-widget-text-editor\" data-id=\"4b9d782\" data-element_type=\"widget\" data-widget_type=\"text-editor.default\">\n\t\t\t\t<div class=\"elementor-widget-container\">\n\t\t\t\t\t\t\t\t\t<p>TKF:n keskij\u00e4nniteratkaisut pit\u00e4v\u00e4t s\u00e4hk\u00f6nlaadun standardien vaatimalla tasolla asiakkaan verkkoliitynt\u00e4pisteess\u00e4. Paremmalla s\u00e4hk\u00f6nlaadulla saavutetaan monia hy\u00f6tyj\u00e4 ja etuja, kuten pienemm\u00e4t tehoh\u00e4vi\u00f6t, parantunut verkon tehokkuus ja k\u00e4ytett\u00e4vyys sek\u00e4 taloudelliset s\u00e4\u00e4st\u00f6t.<\/p>\t\t\t\t\t\t\t\t<\/div>\n\t\t\t\t<\/div>\n\t\t\t\t<div class=\"elementor-element elementor-element-9c3ad50 elementor-align-left elementor-widget elementor-widget-button\" data-id=\"9c3ad50\" data-element_type=\"widget\" data-widget_type=\"button.default\">\n\t\t\t\t<div class=\"elementor-widget-container\">\n\t\t\t\t\t\t\t\t\t<div class=\"elementor-button-wrapper\">\n\t\t\t\t\t<a class=\"elementor-button elementor-button-link elementor-size-sm\" href=\"#luelisaa\">\n\t\t\t\t\t\t<span class=\"elementor-button-content-wrapper\">\n\t\t\t\t\t\t<span class=\"elementor-button-icon\">\n\t\t\t\t<svg aria-hidden=\"true\" class=\"e-font-icon-svg e-fas-chevron-down\" viewBox=\"0 0 448 512\" xmlns=\"http:\/\/www.w3.org\/2000\/svg\"><path d=\"M207.029 381.476L12.686 187.132c-9.373-9.373-9.373-24.569 0-33.941l22.667-22.667c9.357-9.357 24.522-9.375 33.901-.04L224 284.505l154.745-154.021c9.379-9.335 24.544-9.317 33.901.04l22.667 22.667c9.373 9.373 9.373 24.569 0 33.941L240.971 381.476c-9.373 9.372-24.569 9.372-33.942 0z\"><\/path><\/svg>\t\t\t<\/span>\n\t\t\t\t\t\t\t\t\t<span class=\"elementor-button-text\">Tutustu lis\u00e4\u00e4<\/span>\n\t\t\t\t\t<\/span>\n\t\t\t\t\t<\/a>\n\t\t\t\t<\/div>\n\t\t\t\t\t\t\t\t<\/div>\n\t\t\t\t<\/div>\n\t\t\t\t<\/div>\n\t\t\t\t<\/div>\n\t\t<div class=\"elementor-element elementor-element-3ebd418 e-con-full e-flex e-con e-child\" data-id=\"3ebd418\" data-element_type=\"container\" data-settings=\"{&quot;background_background&quot;:&quot;classic&quot;}\">\n\t\t\t\t<\/div>\n\t\t\t\t\t<\/div>\n\t\t\t\t<\/div>\n\t\t\t\t\t<\/div>\n\t\t\t\t<\/div>\n\t\t<div class=\"elementor-element elementor-element-86d1601 e-flex e-con-boxed e-con e-parent\" data-id=\"86d1601\" data-element_type=\"container\" data-settings=\"{&quot;background_background&quot;:&quot;classic&quot;}\">\n\t\t\t\t\t<div class=\"e-con-inner\">\n\t\t<div class=\"elementor-element elementor-element-3b560ea e-con-full e-flex e-con e-child\" data-id=\"3b560ea\" data-element_type=\"container\" data-settings=\"{&quot;background_background&quot;:&quot;classic&quot;}\">\n\t\t<div class=\"elementor-element elementor-element-240b916 e-con-full e-flex e-con e-child\" data-id=\"240b916\" data-element_type=\"container\">\n\t\t\t\t<div class=\"elementor-element elementor-element-ac46536 elementor-widget elementor-widget-menu-anchor\" data-id=\"ac46536\" data-element_type=\"widget\" data-widget_type=\"menu-anchor.default\">\n\t\t\t\t<div class=\"elementor-widget-container\">\n\t\t\t\t\t\t\t<div class=\"elementor-menu-anchor\" id=\"luelisaa\"><\/div>\n\t\t\t\t\t\t<\/div>\n\t\t\t\t<\/div>\n\t\t\t\t<div class=\"elementor-element elementor-element-4b929b8 elementor-widget elementor-widget-heading\" data-id=\"4b929b8\" data-element_type=\"widget\" data-widget_type=\"heading.default\">\n\t\t\t\t<div class=\"elementor-widget-container\">\n\t\t\t\t\t<h2 class=\"elementor-heading-title elementor-size-default\">S\u00e4hk\u00f6nlaatu<br>on t\u00e4rke\u00e4\u00e4<\/h2>\t\t\t\t<\/div>\n\t\t\t\t<\/div>\n\t\t\t\t<div class=\"elementor-element elementor-element-dd4ca1b elementor-align-left elementor-widget elementor-widget-button\" data-id=\"dd4ca1b\" data-element_type=\"widget\" data-widget_type=\"button.default\">\n\t\t\t\t<div class=\"elementor-widget-container\">\n\t\t\t\t\t\t\t\t\t<div class=\"elementor-button-wrapper\">\n\t\t\t\t\t<a class=\"elementor-button elementor-button-link elementor-size-sm\" href=\"#edut\">\n\t\t\t\t\t\t<span class=\"elementor-button-content-wrapper\">\n\t\t\t\t\t\t<span class=\"elementor-button-icon\">\n\t\t\t\t<svg aria-hidden=\"true\" class=\"e-font-icon-svg e-fas-chevron-right\" viewBox=\"0 0 320 512\" xmlns=\"http:\/\/www.w3.org\/2000\/svg\"><path d=\"M285.476 272.971L91.132 467.314c-9.373 9.373-24.569 9.373-33.941 0l-22.667-22.667c-9.357-9.357-9.375-24.522-.04-33.901L188.505 256 34.484 101.255c-9.335-9.379-9.317-24.544.04-33.901l22.667-22.667c9.373-9.373 24.569-9.373 33.941 0L285.475 239.03c9.373 9.372 9.373 24.568.001 33.941z\"><\/path><\/svg>\t\t\t<\/span>\n\t\t\t\t\t\t\t\t\t<span class=\"elementor-button-text\">Lue lis\u00e4\u00e4<\/span>\n\t\t\t\t\t<\/span>\n\t\t\t\t\t<\/a>\n\t\t\t\t<\/div>\n\t\t\t\t\t\t\t\t<\/div>\n\t\t\t\t<\/div>\n\t\t\t\t<\/div>\n\t\t<div class=\"elementor-element elementor-element-b660b0a e-con-full e-flex e-con e-child\" data-id=\"b660b0a\" data-element_type=\"container\">\n\t\t\t\t<div class=\"elementor-element elementor-element-19e569c elementor-widget__width-initial elementor-widget elementor-widget-text-editor\" data-id=\"19e569c\" data-element_type=\"widget\" data-widget_type=\"text-editor.default\">\n\t\t\t\t<div class=\"elementor-widget-container\">\n\t\t\t\t\t\t\t\t\t<p>Autamme asiakastamme pit\u00e4m\u00e4\u00e4n s\u00e4hk\u00f6nlaadun standardien vaatimalla tasolla verkkoliitynt\u00e4pisteess\u00e4. S\u00e4hk\u00f6n laadun rajoja ja arvoja m\u00e4\u00e4ritt\u00e4v\u00e4t erilaiset standardit, kuten esimerkiksi EN 50160 -standardi.<\/p>\t\t\t\t\t\t\t\t<\/div>\n\t\t\t\t<\/div>\n\t\t\t\t<\/div>\n\t\t\t\t<\/div>\n\t\t\t\t\t<\/div>\n\t\t\t\t<\/div>\n\t\t<div class=\"elementor-element elementor-element-7997d0f e-flex e-con-boxed e-con e-parent\" data-id=\"7997d0f\" data-element_type=\"container\" data-settings=\"{&quot;background_background&quot;:&quot;classic&quot;}\">\n\t\t\t\t\t<div class=\"e-con-inner\">\n\t\t<div class=\"elementor-element elementor-element-b578b53 e-con-full e-flex e-con e-child\" data-id=\"b578b53\" data-element_type=\"container\">\n\t\t<div class=\"elementor-element elementor-element-17c0b9b e-con-full e-flex e-con e-child\" data-id=\"17c0b9b\" data-element_type=\"container\">\n\t\t\t\t<div class=\"elementor-element elementor-element-7960980 elementor-widget elementor-widget-menu-anchor\" data-id=\"7960980\" data-element_type=\"widget\" data-widget_type=\"menu-anchor.default\">\n\t\t\t\t<div class=\"elementor-widget-container\">\n\t\t\t\t\t\t\t<div class=\"elementor-menu-anchor\" id=\"edut\"><\/div>\n\t\t\t\t\t\t<\/div>\n\t\t\t\t<\/div>\n\t\t\t\t<div class=\"elementor-element elementor-element-e24bbe8 elementor-widget elementor-widget-heading\" data-id=\"e24bbe8\" data-element_type=\"widget\" data-widget_type=\"heading.default\">\n\t\t\t\t<div class=\"elementor-widget-container\">\n\t\t\t\t\t<h3 class=\"elementor-heading-title elementor-size-default\">Paremman s\u00e4hk\u00f6nlaadun<br> ja verkon tehokkuuden etuja<\/h3>\t\t\t\t<\/div>\n\t\t\t\t<\/div>\n\t\t\t\t<\/div>\n\t\t<div class=\"elementor-element elementor-element-52e0734 e-con-full e-flex e-con e-child\" data-id=\"52e0734\" data-element_type=\"container\">\n\t\t<div class=\"elementor-element elementor-element-bc445bf e-con-full e-flex e-con e-child\" data-id=\"bc445bf\" data-element_type=\"container\">\n\t\t\t\t<div class=\"elementor-element elementor-element-0f9819c elementor-widget elementor-widget-heading\" data-id=\"0f9819c\" data-element_type=\"widget\" data-widget_type=\"heading.default\">\n\t\t\t\t<div class=\"elementor-widget-container\">\n\t\t\t\t\t<h2 class=\"elementor-heading-title elementor-size-default\">Edut<\/h2>\t\t\t\t<\/div>\n\t\t\t\t<\/div>\n\t\t\t\t<div class=\"elementor-element elementor-element-9598024 elementor-widget__width-initial elementor-widget elementor-widget-text-editor\" data-id=\"9598024\" data-element_type=\"widget\" data-widget_type=\"text-editor.default\">\n\t\t\t\t<div class=\"elementor-widget-container\">\n\t\t\t\t\t\t\t\t\t<p>&#8211; Pienentyneet tehoh\u00e4vi\u00f6t eli verkkoa ja muuntajia kuormittavat pienemm\u00e4t virrat<br \/><br \/>&#8211; V\u00e4ltet\u00e4\u00e4n verkkoyhti\u00f6n laskuttamat loistehomaksut<br \/><br \/>&#8211; S\u00e4hk\u00f6verkon parempi tehokkuus ja k\u00e4ytett\u00e4vyys sek\u00e4 pienentyneet h\u00e4iri\u00f6t verkossa oleville laitteille<br \/><br \/>&#8211; S\u00e4hk\u00f6verkon korkeampi kuormitettavuus (loistehon ja harmonisten yliaaltojen poiston j\u00e4lkeen p\u00e4t\u00f6teholle j\u00e4\u00e4 kasvun varaa)<br \/><br \/>&#8211; S\u00e4hk\u00f6laitteistojen kasvanut elini\u00e4nodote (pienemm\u00e4t h\u00e4vi\u00f6t tarkoittavat enemm\u00e4n k\u00e4ytt\u00f6vuosia)<br \/><br \/>&#8211; Taloudelliset s\u00e4\u00e4st\u00f6t ja paremmat ymp\u00e4rist\u00f6arvot (pienentynyt tarve s\u00e4hk\u00f6verkon investoinneille)<\/p>\t\t\t\t\t\t\t\t<\/div>\n\t\t\t\t<\/div>\n\t\t\t\t<\/div>\n\t\t\t\t<\/div>\n\t\t\t\t<\/div>\n\t\t\t\t\t<\/div>\n\t\t\t\t<\/div>\n\t\t<div class=\"elementor-element elementor-element-1619856 e-flex e-con-boxed e-con e-parent\" data-id=\"1619856\" data-element_type=\"container\" data-settings=\"{&quot;background_background&quot;:&quot;classic&quot;}\">\n\t\t\t\t\t<div class=\"e-con-inner\">\n\t\t<div class=\"elementor-element elementor-element-ad3ac42 e-con-full e-flex e-con e-child\" data-id=\"ad3ac42\" data-element_type=\"container\" data-settings=\"{&quot;background_background&quot;:&quot;classic&quot;}\">\n\t\t<div class=\"elementor-element elementor-element-1f8dfeb e-con-full e-flex e-con e-child\" data-id=\"1f8dfeb\" data-element_type=\"container\">\n\t\t\t\t<div class=\"elementor-element elementor-element-0418277 elementor-widget elementor-widget-heading\" data-id=\"0418277\" data-element_type=\"widget\" data-widget_type=\"heading.default\">\n\t\t\t\t<div class=\"elementor-widget-container\">\n\t\t\t\t\t<h3 class=\"elementor-heading-title elementor-size-default\">Keskij\u00e4nnite&shy;ratkaisut<br>s\u00e4hk\u00f6n&shy;laatuun<\/h3>\t\t\t\t<\/div>\n\t\t\t\t<\/div>\n\t\t\t\t<div class=\"elementor-element elementor-element-4b7091e elementor-widget__width-initial elementor-widget elementor-widget-text-editor\" data-id=\"4b7091e\" data-element_type=\"widget\" data-widget_type=\"text-editor.default\">\n\t\t\t\t<div class=\"elementor-widget-container\">\n\t\t\t\t\t\t\t\t\t<div class=\"fusion-text fusion-text-5\"><p>TKF:n tarjoamat keskij\u00e4nniteratkaisut parantavat s\u00e4hk\u00f6n laatua ja tehokkuutta s\u00e4hk\u00f6verkoissa parantamalla tehokerrointa ja eliminoimalla harmoniset virrat.<\/p><p>Ratkaisumme auttavat pit\u00e4m\u00e4\u00e4n s\u00e4hk\u00f6nlaadun riitt\u00e4v\u00e4n\u00e4 verkkoliitynt\u00e4pisteen lis\u00e4ksi my\u00f6s sis\u00e4verkon eri osissa. On t\u00e4rke\u00e4 muistaa pit\u00e4\u00e4 huolta verkon eri osista, sill\u00e4 s\u00e4hk\u00f6verkko saattaa olla laaja sis\u00e4lt\u00e4en useita muuntajia ja p\u00e4\u00e4kojeistoja. N\u00e4iss\u00e4 tilanteissa pit\u00e4\u00e4 tarkastella kokonaisuutta eik\u00e4 pelkk\u00e4\u00e4 verkkoliitynt\u00e4pistett\u00e4. S\u00e4hk\u00f6nlaadun puutteellisuus sis\u00e4verkossa aiheuttaa tehoh\u00e4vi\u00f6it\u00e4 sek\u00e4 saattaa aiheuttaa toimintah\u00e4iri\u00f6it\u00e4 s\u00e4hk\u00f6verkolle ja siihen liittyville s\u00e4hk\u00f6laitteille.<\/p><p>Tuotamme ratkaisuja s\u00e4hk\u00f6verkkoyhti\u00f6ille, voimantuotantoon ja urakoitsijoille ja eri teollisuuden aloille, kuten raskaaseen teollisuuteen, ter\u00e4s-, paperi-, kemian ja kaivosteollisuuteen.<\/p><\/div>\t\t\t\t\t\t\t\t<\/div>\n\t\t\t\t<\/div>\n\t\t\t\t<\/div>\n\t\t<div class=\"elementor-element elementor-element-90a3d77 e-con-full e-flex e-con e-child\" data-id=\"90a3d77\" data-element_type=\"container\" data-settings=\"{&quot;background_background&quot;:&quot;classic&quot;}\">\n\t\t\t\t<\/div>\n\t\t\t\t<\/div>\n\t\t\t\t\t<\/div>\n\t\t\t\t<\/div>\n\t\t<div class=\"elementor-element elementor-element-5883c89f e-flex e-con-boxed e-con e-parent\" data-id=\"5883c89f\" data-element_type=\"container\" data-settings=\"{&quot;background_background&quot;:&quot;classic&quot;}\">\n\t\t\t\t\t<div class=\"e-con-inner\">\n\t\t<div class=\"elementor-element elementor-element-5fe13129 e-con-full e-flex e-con e-child\" data-id=\"5fe13129\" data-element_type=\"container\" data-settings=\"{&quot;background_background&quot;:&quot;classic&quot;}\">\n\t\t<div class=\"elementor-element elementor-element-5bb4de69 e-con-full e-flex e-con e-child\" data-id=\"5bb4de69\" data-element_type=\"container\">\n\t\t\t\t<div class=\"elementor-element elementor-element-3871b41a elementor-widget__width-initial elementor-widget-mobile__width-inherit elementor-widget-tablet__width-inherit elementor-widget elementor-widget-heading\" data-id=\"3871b41a\" data-element_type=\"widget\" data-widget_type=\"heading.default\">\n\t\t\t\t<div class=\"elementor-widget-container\">\n\t\t\t\t\t<h2 class=\"elementor-heading-title elementor-size-default\">TKF:n ratkaisuja on k\u00e4yt\u00f6ss\u00e4 tuhansissa kohteissa toimisto&shy;rakennuksista teollisuuteen<\/h2>\t\t\t\t<\/div>\n\t\t\t\t<\/div>\n\t\t\t\t<div class=\"elementor-element elementor-element-26105ff6 elementor-widget__width-initial elementor-widget-mobile__width-inherit elementor-widget elementor-widget-text-editor\" data-id=\"26105ff6\" data-element_type=\"widget\" data-widget_type=\"text-editor.default\">\n\t\t\t\t<div class=\"elementor-widget-container\">\n\t\t\t\t\t\t\t\t\t<p style=\"text-align: center;\">Tarpeet vaihtelevat tavanomaisesta loistehon kompensoinnista vaativiin yhteiskunnalle kriittisiin sovelluksiin. Osaamiseemme luottavat sairaalat (Esimerkiksi Suomessa Tampereen yliopistollinen sairaala ja Satakunnan keskussairaala), puolustusvoimat, infrakohteet (Helsinki-Vantaan lentokentt\u00e4, Helsingin metro), teollisuus, kiinteist\u00f6t (VVO, Senaatti-kiinteist\u00f6t) ja s\u00e4hk\u00f6laitokset.<\/p>\t\t\t\t\t\t\t\t<\/div>\n\t\t\t\t<\/div>\n\t\t\t\t<\/div>\n\t\t<div class=\"elementor-element elementor-element-3822399a e-con-full e-flex e-con e-child\" data-id=\"3822399a\" data-element_type=\"container\">\n\t\t\t\t<div class=\"elementor-element elementor-element-7171e4ed elementor-widget elementor-widget-button\" data-id=\"7171e4ed\" data-element_type=\"widget\" data-widget_type=\"button.default\">\n\t\t\t\t<div class=\"elementor-widget-container\">\n\t\t\t\t\t\t\t\t\t<div class=\"elementor-button-wrapper\">\n\t\t\t\t\t<a class=\"elementor-button elementor-button-link elementor-size-sm\" href=\"http:\/\/31.217.192.161\/~ajatonma\/index.php\/asiakkaat\/\">\n\t\t\t\t\t\t<span class=\"elementor-button-content-wrapper\">\n\t\t\t\t\t\t<span class=\"elementor-button-icon\">\n\t\t\t\t<svg aria-hidden=\"true\" class=\"e-font-icon-svg e-fas-chevron-right\" viewBox=\"0 0 320 512\" xmlns=\"http:\/\/www.w3.org\/2000\/svg\"><path d=\"M285.476 272.971L91.132 467.314c-9.373 9.373-24.569 9.373-33.941 0l-22.667-22.667c-9.357-9.357-9.375-24.522-.04-33.901L188.505 256 34.484 101.255c-9.335-9.379-9.317-24.544.04-33.901l22.667-22.667c9.373-9.373 24.569-9.373 33.941 0L285.475 239.03c9.373 9.372 9.373 24.568.001 33.941z\"><\/path><\/svg>\t\t\t<\/span>\n\t\t\t\t\t\t\t\t\t<span class=\"elementor-button-text\">Asiakkaat<\/span>\n\t\t\t\t\t<\/span>\n\t\t\t\t\t<\/a>\n\t\t\t\t<\/div>\n\t\t\t\t\t\t\t\t<\/div>\n\t\t\t\t<\/div>\n\t\t\t\t<div class=\"elementor-element elementor-element-49f3dd45 elementor-widget elementor-widget-button\" data-id=\"49f3dd45\" data-element_type=\"widget\" data-widget_type=\"button.default\">\n\t\t\t\t<div class=\"elementor-widget-container\">\n\t\t\t\t\t\t\t\t\t<div class=\"elementor-button-wrapper\">\n\t\t\t\t\t<a class=\"elementor-button elementor-button-link elementor-size-sm\" href=\"http:\/\/31.217.192.161\/~ajatonma\/#yhteys\">\n\t\t\t\t\t\t<span class=\"elementor-button-content-wrapper\">\n\t\t\t\t\t\t<span class=\"elementor-button-icon\">\n\t\t\t\t<svg aria-hidden=\"true\" class=\"e-font-icon-svg e-fas-chevron-right\" viewBox=\"0 0 320 512\" xmlns=\"http:\/\/www.w3.org\/2000\/svg\"><path d=\"M285.476 272.971L91.132 467.314c-9.373 9.373-24.569 9.373-33.941 0l-22.667-22.667c-9.357-9.357-9.375-24.522-.04-33.901L188.505 256 34.484 101.255c-9.335-9.379-9.317-24.544.04-33.901l22.667-22.667c9.373-9.373 24.569-9.373 33.941 0L285.475 239.03c9.373 9.372 9.373 24.568.001 33.941z\"><\/path><\/svg>\t\t\t<\/span>\n\t\t\t\t\t\t\t\t\t<span class=\"elementor-button-text\">Ota yhteytt\u00e4<\/span>\n\t\t\t\t\t<\/span>\n\t\t\t\t\t<\/a>\n\t\t\t\t<\/div>\n\t\t\t\t\t\t\t\t<\/div>\n\t\t\t\t<\/div>\n\t\t\t\t<\/div>\n\t\t\t\t<\/div>\n\t\t\t\t\t<\/div>\n\t\t\t\t<\/div>\n\t\t\t\t<\/div>\n\t\t","protected":false},"excerpt":{"rendered":"<p>Keskij\u00e4nnite&shy;ratkaisut TKF:n keskij\u00e4nniteratkaisut pit\u00e4v\u00e4t s\u00e4hk\u00f6nlaadun standardien vaatimalla tasolla asiakkaan verkkoliitynt\u00e4pisteess\u00e4. Paremmalla s\u00e4hk\u00f6nlaadulla saavutetaan monia hy\u00f6tyj\u00e4 ja etuja, kuten pienemm\u00e4t tehoh\u00e4vi\u00f6t, [&hellip;]<\/p>\n","protected":false},"author":1,"featured_media":0,"parent":0,"menu_order":0,"comment_status":"closed","ping_status":"closed","template":"","meta":{"site-sidebar-layout":"no-sidebar","site-content-layout":"","ast-site-content-layout":"full-width-container","site-content-style":"default","site-sidebar-style":"default","ast-global-header-display":"","ast-banner-title-visibility":"","ast-main-header-display":"","ast-hfb-above-header-display":"","ast-hfb-below-header-display":"","ast-hfb-mobile-header-display":"","site-post-title":"disabled","ast-breadcrumbs-content":"","ast-featured-img":"disabled","footer-sml-layout":"","theme-transparent-header-meta":"","adv-header-id-meta":"","stick-header-meta":"","header-above-stick-meta":"","header-main-stick-meta":"","header-below-stick-meta":"","astra-migrate-meta-layouts":"default","ast-page-background-enabled":"default","ast-page-background-meta":{"desktop":{"background-color":"var(--ast-global-color-5)","background-image":"","background-repeat":"repeat","background-position":"center center","background-size":"auto","background-attachment":"scroll","background-type":"","background-media":"","overlay-type":"","overlay-color":"","overlay-opacity":"","overlay-gradient":""},"tablet":{"background-color":"","background-image":"","background-repeat":"repeat","background-position":"center center","background-size":"auto","background-attachment":"scroll","background-type":"","background-media":"","overlay-type":"","overlay-color":"","overlay-opacity":"","overlay-gradient":""},"mobile":{"background-color":"","background-image":"","background-repeat":"repeat","background-position":"center center","background-size":"auto","background-attachment":"scroll","background-type":"","background-media":"","overlay-type":"","overlay-color":"","overlay-opacity":"","overlay-gradient":""}},"ast-content-background-meta":{"desktop":{"background-color":"var(--ast-global-color-4)","background-image":"","background-repeat":"repeat","background-position":"center center","background-size":"auto","background-attachment":"scroll","background-type":"","background-media":"","overlay-type":"","overlay-color":"","overlay-opacity":"","overlay-gradient":""},"tablet":{"background-color":"var(--ast-global-color-4)","background-image":"","background-repeat":"repeat","background-position":"center center","background-size":"auto","background-attachment":"scroll","background-type":"","background-media":"","overlay-type":"","overlay-color":"","overlay-opacity":"","overlay-gradient":""},"mobile":{"background-color":"var(--ast-global-color-4)","background-image":"","background-repeat":"repeat","background-position":"center center","background-size":"auto","background-attachment":"scroll","background-type":"","background-media":"","overlay-type":"","overlay-color":"","overlay-opacity":"","overlay-gradient":""}},"footnotes":""},"class_list":["post-1586","page","type-page","status-publish","hentry"],"_links":{"self":[{"href":"http:\/\/31.217.192.161\/~ajatonma\/wp-json\/wp\/v2\/pages\/1586","targetHints":{"allow":["GET"]}}],"collection":[{"href":"http:\/\/31.217.192.161\/~ajatonma\/wp-json\/wp\/v2\/pages"}],"about":[{"href":"http:\/\/31.217.192.161\/~ajatonma\/wp-json\/wp\/v2\/types\/page"}],"author":[{"embeddable":true,"href":"http:\/\/31.217.192.161\/~ajatonma\/wp-json\/wp\/v2\/users\/1"}],"replies":[{"embeddable":true,"href":"http:\/\/31.217.192.161\/~ajatonma\/wp-json\/wp\/v2\/comments?post=1586"}],"version-history":[{"count":49,"href":"http:\/\/31.217.192.161\/~ajatonma\/wp-json\/wp\/v2\/pages\/1586\/revisions"}],"predecessor-version":[{"id":2657,"href":"http:\/\/31.217.192.161\/~ajatonma\/wp-json\/wp\/v2\/pages\/1586\/revisions\/2657"}],"wp:attachment":[{"href":"http:\/\/31.217.192.161\/~ajatonma\/wp-json\/wp\/v2\/media?parent=1586"}],"curies":[{"name":"wp","href":"https:\/\/api.w.org\/{rel}","templated":true}]}}