{"id":1416,"date":"2025-04-09T11:55:52","date_gmt":"2025-04-09T11:55:52","guid":{"rendered":"http:\/\/31.217.192.161\/~ajatonma\/?page_id=1416"},"modified":"2025-09-08T10:45:55","modified_gmt":"2025-09-08T07:45:55","slug":"kondensaattorit-ja-varaosat","status":"publish","type":"page","link":"http:\/\/31.217.192.161\/~ajatonma\/kondensaattorit-ja-varaosat\/","title":{"rendered":"Kondensaattorit &#038; varaosat"},"content":{"rendered":"\t\t<div data-elementor-type=\"wp-page\" data-elementor-id=\"1416\" class=\"elementor elementor-1416\" data-elementor-post-type=\"page\">\n\t\t\t\t<div class=\"elementor-element elementor-element-5d9c33a e-flex e-con-boxed e-con e-parent\" data-id=\"5d9c33a\" data-element_type=\"container\" data-settings=\"{&quot;background_background&quot;:&quot;gradient&quot;}\">\n\t\t\t\t\t<div class=\"e-con-inner\">\n\t\t\t\t<div class=\"elementor-element elementor-element-6db811d elementor-widget__width-initial elementor-invisible elementor-widget elementor-widget-heading\" data-id=\"6db811d\" data-element_type=\"widget\" data-settings=\"{&quot;_animation&quot;:&quot;fadeInUp&quot;}\" data-widget_type=\"heading.default\">\n\t\t\t\t<div class=\"elementor-widget-container\">\n\t\t\t\t\t<h1 class=\"elementor-heading-title elementor-size-default\">Kondensaattorit &amp; varaosat<\/h1>\t\t\t\t<\/div>\n\t\t\t\t<\/div>\n\t\t\t\t\t<\/div>\n\t\t\t\t<\/div>\n\t\t<div class=\"elementor-element elementor-element-8b17ac5 e-flex e-con-boxed e-con e-parent\" data-id=\"8b17ac5\" data-element_type=\"container\">\n\t\t\t\t\t<div class=\"e-con-inner\">\n\t\t<div class=\"elementor-element elementor-element-51b811e e-con-full e-flex elementor-invisible e-con e-child\" data-id=\"51b811e\" data-element_type=\"container\" data-settings=\"{&quot;animation&quot;:&quot;fadeIn&quot;,&quot;animation_delay&quot;:200}\">\n\t\t\t\t<div class=\"elementor-element elementor-element-fb341b3 elementor-widget elementor-widget-text-editor\" data-id=\"fb341b3\" data-element_type=\"widget\" data-widget_type=\"text-editor.default\">\n\t\t\t\t<div class=\"elementor-widget-container\">\n\t\t\t\t\t\t\t\t\t<div class=\"fusion-builder-row fusion-builder-row-inner fusion-row\"><div class=\"fusion-layout-column fusion_builder_column_inner fusion-builder-nested-column-1 fusion_builder_column_inner_4_5 4_5 fusion-four-fifth fusion-column-first\"><div class=\"fusion-column-wrapper fusion-flex-column-wrapper-legacy\"><div class=\"fusion-text fusion-text-2\"><div class=\"fusion-builder-row fusion-builder-row-inner fusion-row\"><div class=\"fusion-layout-column fusion_builder_column_inner fusion-builder-nested-column-1 fusion_builder_column_inner_4_5 4_5 fusion-four-fifth fusion-column-first\"><div class=\"fusion-column-wrapper fusion-flex-column-wrapper-legacy\"><div class=\"fusion-text fusion-text-2\"><div class=\"fusion-builder-row fusion-builder-row-inner fusion-row\"><div class=\"fusion-layout-column fusion_builder_column_inner fusion-builder-nested-column-1 fusion_builder_column_inner_4_5 4_5 fusion-four-fifth fusion-column-first\"><div class=\"fusion-column-wrapper fusion-flex-column-wrapper-legacy\"><div class=\"fusion-text fusion-text-2\"><div class=\"fusion-builder-row fusion-builder-row-inner fusion-row\"><div class=\"fusion-layout-column fusion_builder_column_inner fusion-builder-nested-column-1 fusion_builder_column_inner_4_5 4_5 fusion-four-fifth fusion-column-first\"><div class=\"fusion-column-wrapper fusion-flex-column-wrapper-legacy\"><div class=\"fusion-text fusion-text-2\"><div class=\"fusion-builder-row fusion-builder-row-inner fusion-row\"><div class=\"fusion-layout-column fusion_builder_column_inner fusion-builder-nested-column-1 fusion_builder_column_inner_4_5 4_5 fusion-four-fifth fusion-column-first\"><div class=\"fusion-column-wrapper fusion-flex-column-wrapper-legacy\"><div class=\"fusion-text fusion-text-2\"><div class=\"fusion-builder-row fusion-builder-row-inner fusion-row\"><div class=\"fusion-layout-column fusion_builder_column_inner fusion-builder-nested-column-1 fusion_builder_column_inner_4_5 4_5 fusion-four-fifth fusion-column-first\"><div class=\"fusion-column-wrapper fusion-flex-column-wrapper-legacy\"><div class=\"fusion-text fusion-text-2\"><div class=\"fusion-builder-row fusion-builder-row-inner fusion-row\"><div class=\"fusion-layout-column fusion_builder_column_inner fusion-builder-nested-column-1 fusion_builder_column_inner_4_5 4_5 fusion-four-fifth fusion-column-first\"><div class=\"fusion-column-wrapper fusion-flex-column-wrapper-legacy\"><div class=\"fusion-text fusion-text-2\"><p>Kondensaattorit on tarkoitettu s\u00e4hk\u00f6moottorin paikalliseen kompensointiin tai varaosaksi estokelaparistoon asennetun kondensaattoriyksik\u00f6n tilalle.<\/p><\/div><\/div><\/div><\/div><\/div><\/div><\/div><\/div><\/div><\/div><\/div><\/div><\/div><\/div><\/div><\/div><\/div><\/div><\/div><\/div><\/div><\/div><\/div><\/div><\/div><\/div><\/div><\/div>\t\t\t\t\t\t\t\t<\/div>\n\t\t\t\t<\/div>\n\t\t\t\t<div class=\"elementor-element elementor-element-bdb0f1e elementor-align-left elementor-widget elementor-widget-button\" data-id=\"bdb0f1e\" data-element_type=\"widget\" data-widget_type=\"button.default\">\n\t\t\t\t<div class=\"elementor-widget-container\">\n\t\t\t\t\t\t\t\t\t<div class=\"elementor-button-wrapper\">\n\t\t\t\t\t<a class=\"elementor-button elementor-button-link elementor-size-sm\" href=\"#luelisaa\">\n\t\t\t\t\t\t<span class=\"elementor-button-content-wrapper\">\n\t\t\t\t\t\t<span class=\"elementor-button-icon\">\n\t\t\t\t<svg aria-hidden=\"true\" class=\"e-font-icon-svg e-fas-chevron-right\" viewBox=\"0 0 320 512\" xmlns=\"http:\/\/www.w3.org\/2000\/svg\"><path d=\"M285.476 272.971L91.132 467.314c-9.373 9.373-24.569 9.373-33.941 0l-22.667-22.667c-9.357-9.357-9.375-24.522-.04-33.901L188.505 256 34.484 101.255c-9.335-9.379-9.317-24.544.04-33.901l22.667-22.667c9.373-9.373 24.569-9.373 33.941 0L285.475 239.03c9.373 9.372 9.373 24.568.001 33.941z\"><\/path><\/svg>\t\t\t<\/span>\n\t\t\t\t\t\t\t\t\t<span class=\"elementor-button-text\">Tutustu lis\u00e4\u00e4<\/span>\n\t\t\t\t\t<\/span>\n\t\t\t\t\t<\/a>\n\t\t\t\t<\/div>\n\t\t\t\t\t\t\t\t<\/div>\n\t\t\t\t<\/div>\n\t\t\t\t<\/div>\n\t\t<div class=\"elementor-element elementor-element-270155a e-con-full e-flex e-con e-child\" data-id=\"270155a\" data-element_type=\"container\">\n\t\t\t\t<div class=\"elementor-element elementor-element-55a3d84 animated-slow elementor-hidden-desktop elementor-hidden-tablet elementor-hidden-mobile elementor-invisible elementor-widget elementor-widget-image\" data-id=\"55a3d84\" data-element_type=\"widget\" data-settings=\"{&quot;_animation&quot;:&quot;fadeIn&quot;}\" data-widget_type=\"image.default\">\n\t\t\t\t<div class=\"elementor-widget-container\">\n\t\t\t\t\t\t\t\t\t\t\t\t\t\t\t<img fetchpriority=\"high\" decoding=\"async\" width=\"600\" height=\"1256\" src=\"http:\/\/31.217.192.161\/~ajatonma\/wp-content\/uploads\/2025\/04\/tkf_kondensaattori-1.png\" class=\"attachment-full size-full wp-image-1125\" alt=\"\" srcset=\"http:\/\/31.217.192.161\/~ajatonma\/wp-content\/uploads\/2025\/04\/tkf_kondensaattori-1.png 600w, http:\/\/31.217.192.161\/~ajatonma\/wp-content\/uploads\/2025\/04\/tkf_kondensaattori-1-143x300.png 143w, http:\/\/31.217.192.161\/~ajatonma\/wp-content\/uploads\/2025\/04\/tkf_kondensaattori-1-489x1024.png 489w\" sizes=\"(max-width: 600px) 100vw, 600px\" \/>\t\t\t\t\t\t\t\t\t\t\t\t\t\t\t<\/div>\n\t\t\t\t<\/div>\n\t\t\t\t<\/div>\n\t\t\t\t\t<\/div>\n\t\t\t\t<\/div>\n\t\t<div class=\"elementor-element elementor-element-6b28940 e-flex e-con-boxed e-con e-parent\" data-id=\"6b28940\" data-element_type=\"container\" data-settings=\"{&quot;background_background&quot;:&quot;classic&quot;}\">\n\t\t\t\t\t<div class=\"e-con-inner\">\n\t\t<div class=\"elementor-element elementor-element-694dd12 e-con-full e-flex elementor-invisible e-con e-child\" data-id=\"694dd12\" data-element_type=\"container\" data-settings=\"{&quot;background_background&quot;:&quot;classic&quot;,&quot;animation&quot;:&quot;fadeIn&quot;,&quot;animation_delay&quot;:400}\">\n\t\t<div class=\"elementor-element elementor-element-003f488 e-con-full e-flex e-con e-child\" data-id=\"003f488\" data-element_type=\"container\">\n\t\t\t\t<div class=\"elementor-element elementor-element-065ed17 elementor-widget elementor-widget-heading\" data-id=\"065ed17\" data-element_type=\"widget\" data-widget_type=\"heading.default\">\n\t\t\t\t<div class=\"elementor-widget-container\">\n\t\t\t\t\t<h2 class=\"elementor-heading-title elementor-size-default\">Loistehon tarve<\/h2>\t\t\t\t<\/div>\n\t\t\t\t<\/div>\n\t\t\t\t<div class=\"elementor-element elementor-element-c88b979 elementor-align-left elementor-tablet-align-center elementor-widget elementor-widget-button\" data-id=\"c88b979\" data-element_type=\"widget\" data-widget_type=\"button.default\">\n\t\t\t\t<div class=\"elementor-widget-container\">\n\t\t\t\t\t\t\t\t\t<div class=\"elementor-button-wrapper\">\n\t\t\t\t\t<a class=\"elementor-button elementor-button-link elementor-size-sm\" href=\"http:\/\/31.217.192.161\/~ajatonma\/index.php\/palvelut\/\">\n\t\t\t\t\t\t<span class=\"elementor-button-content-wrapper\">\n\t\t\t\t\t\t<span class=\"elementor-button-icon\">\n\t\t\t\t<svg aria-hidden=\"true\" class=\"e-font-icon-svg e-fas-chevron-right\" viewBox=\"0 0 320 512\" xmlns=\"http:\/\/www.w3.org\/2000\/svg\"><path d=\"M285.476 272.971L91.132 467.314c-9.373 9.373-24.569 9.373-33.941 0l-22.667-22.667c-9.357-9.357-9.375-24.522-.04-33.901L188.505 256 34.484 101.255c-9.335-9.379-9.317-24.544.04-33.901l22.667-22.667c9.373-9.373 24.569-9.373 33.941 0L285.475 239.03c9.373 9.372 9.373 24.568.001 33.941z\"><\/path><\/svg>\t\t\t<\/span>\n\t\t\t\t\t\t\t\t\t<span class=\"elementor-button-text\">Palvelut<\/span>\n\t\t\t\t\t<\/span>\n\t\t\t\t\t<\/a>\n\t\t\t\t<\/div>\n\t\t\t\t\t\t\t\t<\/div>\n\t\t\t\t<\/div>\n\t\t\t\t<\/div>\n\t\t<div class=\"elementor-element elementor-element-8278e13 e-con-full e-flex e-con e-child\" data-id=\"8278e13\" data-element_type=\"container\">\n\t\t\t\t<div class=\"elementor-element elementor-element-e8c1df9 elementor-widget__width-initial elementor-widget-tablet__width-inherit elementor-widget elementor-widget-text-editor\" data-id=\"e8c1df9\" data-element_type=\"widget\" data-widget_type=\"text-editor.default\">\n\t\t\t\t<div class=\"elementor-widget-container\">\n\t\t\t\t\t\t\t\t\t<div class=\"elementor-element elementor-element-b660b0a e-con-full e-flex e-con e-child\" data-id=\"b660b0a\" data-element_type=\"container\"><div class=\"elementor-element elementor-element-19e569c elementor-widget__width-initial elementor-widget-mobile__width-inherit elementor-widget elementor-widget-text-editor\" data-id=\"19e569c\" data-element_type=\"widget\" data-widget_type=\"text-editor.default\"><div class=\"elementor-widget-container\"><p><strong>Sylinterikondensaattorit kotelointiluokalla IP00:<\/strong><\/p><p>&#8211; 48 \u00b5F 480V<br \/>&#8211; 71 \u00b5F 525V<br \/>&#8211; 77 \u00b5F 525V<br \/>&#8211; 96 \u00b5F 525V<br \/>&#8211; 154 \u00b5F 480V<br \/>&#8211; 55,2 \u00b5F 800V<\/p><\/div><\/div><\/div>\t\t\t\t\t\t\t\t<\/div>\n\t\t\t\t<\/div>\n\t\t\t\t<\/div>\n\t\t\t\t<\/div>\n\t\t\t\t\t<\/div>\n\t\t\t\t<\/div>\n\t\t<div class=\"elementor-element elementor-element-cf4bb8e e-flex e-con-boxed e-con e-parent\" data-id=\"cf4bb8e\" data-element_type=\"container\" data-settings=\"{&quot;background_background&quot;:&quot;classic&quot;}\">\n\t\t\t\t\t<div class=\"e-con-inner\">\n\t\t\t\t<div class=\"elementor-element elementor-element-1927bba elementor-widget elementor-widget-html\" data-id=\"1927bba\" data-element_type=\"widget\" data-widget_type=\"html.default\">\n\t\t\t\t<div class=\"elementor-widget-container\">\n\t\t\t\t\t<html lang=\"fi\">\r\n<head>\r\n  <meta charset=\"UTF-8\">\r\n  <title>Tyylit taulukko<\/title>\r\n  <style>\r\n    .table-1 table {\r\n      border-collapse: collapse;\r\n      border-radius: 30px;\r\n      overflow: hidden;\r\n      width: 100%;\r\n      color: #000000;\r\n      font-family: inherit;\r\n      font-size: 14px;\r\n      box-shadow: 0px 0px 35px rgba(0, 0, 0, 0.1);\r\n    }\r\n    .table-1 table thead tr {\r\n  background-color: #f2f2f2;\r\n  color: #FFFFFF;\r\n  font-weight: bold;\r\n}\r\n    .table-1 table tr:first-child {\r\n      background-color: #129CD6;\r\n      color: #FFFFFF;\r\n      font-weight: semibold;\r\n      font-size: 14px;\r\n    }\r\n    .table-1 table tr:nth-child(even):not(:first-child) {\r\n      background-color: #ffffff;\r\n    }\r\n\r\n    .table-1 table tr:nth-child(odd):not(:first-child) {\r\n      background-color: #f2f2f2;\r\n    }\r\n    .table-1 td {\r\n      padding: 15px;\r\n      min-width: 50px;\r\n      border-color: #ECF0F3;\r\n    }\r\n  <\/style>\r\n<\/head>\r\n<body>\r\n\r\n<body>\r\n<div class=\"table-1\"><div style=\"overflow-x: auto;\">\r\n  <table>\r\n    <thead>\r\n      <tr>\r\n        <th>Technical Name<\/th>\r\n        <th>Product Name<\/th>\r\n        <th>Electrical No.<\/th>\r\n        <th>Nominal Voltage<\/th>\r\n        <th>Rated Voltage<\/th>\r\n        <th>Rated Power<\/th>\r\n        <th>Voltage Endurance<\/th>\r\n        <th>Max. Voltage Power<\/th>\r\n      <\/tr>\r\n    <\/thead>\r\n    <tbody>\r\n<tr>\r\n  <td><strong>Kondensaattorit 400V IP00<\/strong><\/td>\r\n  <td><\/td>\r\n  <td><\/td>\r\n  <td><\/td>\r\n  <td><\/td>\r\n  <td><\/td>\r\n  <td><\/td>\r\n  <td><\/td>\r\n<\/tr>\r\n<tr>\r\n  <td>TKF-U7.5\/400-50\t<\/td>\r\n  <td>TKF-U7.5-415\/12.5-525\/400-50<\/td>\r\n  <td>5714739<\/td>\r\n  <td>400V<\/td>\r\n  <td>415V<\/td>\r\n  <td>7.5kVar<\/td>\r\n  <td>525V<\/td>\r\n  <td>12.5kVar<\/td>\r\n<\/tr>\r\n<tr>\r\n  <td>TKF-U12.5\/400-50\t<\/td>\r\n  <td>TKF-U12.5\/400-50<\/td>\r\n  <td>5714741<\/td>\r\n  <td>400V<\/td>\r\n  <td>415V<\/td>\r\n  <td>12.5kVar<\/td>\r\n  <td>525V<\/td>\r\n  <td>20kVar<\/td>\r\n<\/tr>\r\n<tr>\r\n  <td>TKF-U25\/400-50\t<\/td>\r\n  <td>TKF-U25\/400-50<\/td>\r\n  <td>5714743<\/td>\r\n  <td>400V<\/td>\r\n  <td>415V<\/td>\r\n  <td>25kVar<\/td>\r\n  <td>525V<\/td>\r\n  <td>40kVar<\/td>\r\n<\/tr>\r\n<tr>\r\n  <td>TKF-U50\/400-50\t<\/td>\r\n  <td>TKF-U50\/400-50<\/td>\r\n  <td>5714745<\/td>\r\n  <td>400V<\/td>\r\n  <td>415V<\/td>\r\n  <td>50kVar<\/td>\r\n  <td>525V<\/td>\r\n  <td>80kVar<\/td>\r\n<\/tr>\r\n<tr>\r\n  <td>TKF-U75\/400-50\t<\/td>\r\n  <td>TKF-U75\/400-50<\/td>\r\n  <td>5714747<\/td>\r\n  <td>400V<\/td>\r\n  <td>415V<\/td>\r\n  <td>75kVar<\/td>\r\n  <td>525V<\/td>\r\n  <td>120kVar<\/td>\r\n<\/tr>\r\n<tr>\r\n  <td>TKF-U100\/400-50\t<\/td>\r\n  <td>TKF-U100\/400-50<\/td>\r\n  <td>5714751<\/td>\r\n  <td>400V<\/td>\r\n  <td>415V<\/td>\r\n  <td>100kVar<\/td>\r\n  <td>525V<\/td>\r\n  <td>160kVar<\/td>\r\n<\/tr>\r\n<tr>\r\n  <td><strong>Kondensaattorit 400V IP54<\/strong><\/td>\r\n  <td><\/td>\r\n  <td><\/td>\r\n  <td><\/td>\r\n  <td><\/td>\r\n  <td><\/td>\r\n  <td><\/td>\r\n  <td><\/td>\r\n<\/tr>\r\n<tr>\r\n  <td>TKF-U7.5\/400-50 IP54\t<\/td>\r\n  <td>TKF-U7.5-415\/12.5-525\/400-50 IP54<\/td>\r\n  <td>5714752<\/td>\r\n  <td>400V<\/td>\r\n  <td>415V<\/td>\r\n  <td>7.5kVar<\/td>\r\n  <td>525V<\/td>\r\n  <td>12.5kVar<\/td>\r\n<\/tr>\r\n<tr>\r\n  <td>TKF-U12.5\/400-50 IP54\t<\/td>\r\n  <td>TKF-U12.5\/400-50 IP54<\/td>\r\n  <td>5714753<\/td>\r\n  <td>400V<\/td>\r\n  <td>415V<\/td>\r\n  <td>12.5kVar<\/td>\r\n  <td>525V<\/td>\r\n  <td>20kVar<\/td>\r\n<\/tr>\r\n<tr>\r\n  <td>TKF-U25\/400-50 IP54\t<\/td>\r\n  <td>TKF-U25\/400-50 IP54<\/td>\r\n  <td>5714754<\/td>\r\n  <td>400V<\/td>\r\n  <td>415V<\/td>\r\n  <td>25kVar<\/td>\r\n  <td>525V<\/td>\r\n  <td>40kVar<\/td>\r\n<\/tr>\r\n<tr>\r\n  <td>TKF-U50\/400-50 IP54\t<\/td>\r\n  <td>TKF-U50\/400-50 IP54<\/td>\r\n  <td>5714755<\/td>\r\n  <td>400V<\/td>\r\n  <td>415V<\/td>\r\n  <td>50kVar<\/td>\r\n  <td>525V<\/td>\r\n  <td>80kVar<\/td>\r\n<\/tr>\r\n<tr>\r\n  <td>TKF-U75\/400-50 IP54\t<\/td>\r\n  <td>TKF-U75\/400-50 IP54<\/td>\r\n  <td>5714756<\/td>\r\n  <td>400V<\/td>\r\n  <td>415V<\/td>\r\n  <td>75kVar<\/td>\r\n  <td>525V<\/td>\r\n  <td>120kVar<\/td>\r\n<\/tr>\r\n<tr>\r\n  <td>TKF-U100\/400-50 IP54\t<\/td>\r\n  <td>TKF-U100\/400-50 IP54<\/td>\r\n  <td>5714757<\/td>\r\n  <td>400V<\/td>\r\n  <td>415V<\/td>\r\n  <td>100kVar<\/td>\r\n  <td>525V<\/td>\r\n  <td>160kVar<\/td>\r\n<\/tr>\r\n<tr>\r\n  <td><strong>Kondensaattorit 690V IP00<\/strong><\/td>\r\n  <td><\/td>\r\n  <td><\/td>\r\n  <td><\/td>\r\n  <td><\/td>\r\n  <td><\/td>\r\n  <td><\/td>\r\n  <td><\/td>\r\n<\/tr>\r\n<tr>\r\n  <td>TKF-U25\/690-50\t<\/td>\r\n  <td>TKF-U25\/690-50<\/td>\r\n  <td>5714758<\/td>\r\n  <td>690V<\/td>\r\n  <td>690V<\/td>\r\n  <td>25kVar<\/td>\r\n  <td>800V<\/td>\r\n  <td>33.3kVar<\/td>\r\n<\/tr>\r\n<tr>\r\n  <td>TKF-U50\/690-50\t<\/td>\r\n  <td>TKF-U50\/690-50<\/td>\r\n  <td>5714759<\/td>\r\n  <td>690V<\/td>\r\n  <td>690V<\/td>\r\n  <td>50kVar<\/td>\r\n  <td>800V<\/td>\r\n  <td>66kVar<\/td>\r\n<\/tr>\r\n<tr>\r\n  <td>TKF-U75\/690-50\t<\/td>\r\n  <td>TKF-U75\/690-50<\/td>\r\n  <td>5714760<\/td>\r\n  <td>690V<\/td>\r\n  <td>690V<\/td>\r\n  <td>75kVar<\/td>\r\n  <td>800V<\/td>\r\n  <td>100kVar<\/td>\r\n<\/tr>\r\n<tr>\r\n  <td>TKF-U100\/690-50\t<\/td>\r\n  <td>TKF-U100\/690-50<\/td>\r\n  <td>5714761<\/td>\r\n  <td>690V<\/td>\r\n  <td>690V<\/td>\r\n  <td>100kVar<\/td>\r\n  <td>800V<\/td>\r\n  <td>134kVar<\/td>\r\n<\/tr>\r\n<tr>\r\n  <td><strong>Kondensaattorit 690V IP54<\/strong><\/td>\r\n  <td><\/td>\r\n  <td><\/td>\r\n  <td><\/td>\r\n  <td><\/td>\r\n  <td><\/td>\r\n  <td><\/td>\r\n  <td><\/td>\r\n<\/tr>\r\n<tr>\r\n  <td>TKF-U25\/690-50 IP54\t<\/td>\r\n  <td>TKF-U25\/690-50 IP54<\/td>\r\n  <td>5714762<\/td>\r\n  <td>690V<\/td>\r\n  <td>690V<\/td>\r\n  <td>25kVar<\/td>\r\n  <td>800V<\/td>\r\n  <td>33.3kVar<\/td>\r\n<\/tr>\r\n<tr>\r\n  <td>TKF-U50\/690-50 IP54\t<\/td>\r\n  <td>TKF-U50\/690-50 IP54<\/td>\r\n  <td>5714763<\/td>\r\n  <td>690V<\/td>\r\n  <td>690V<\/td>\r\n  <td>50kVar<\/td>\r\n  <td>800V<\/td>\r\n  <td>66kVar<\/td>\r\n<\/tr>\r\n<tr>\r\n  <td>TKF-U75\/690-50 IP54<\/td>\r\n  <td>TKF-U75\/690-50 IP54<\/td>\r\n  <td>5714764<\/td>\r\n  <td>690V<\/td>\r\n  <td>690V<\/td>\r\n  <td>75kVar<\/td>\r\n  <td>800V<\/td>\r\n  <td>100kVar<\/td>\r\n<\/tr>\r\n<tr>\r\n  <td>TKF-U100\/690-50 IP54<\/td>\r\n  <td>TKF-U100\/690-50 IP54<\/td>\r\n  <td>5714765<\/td>\r\n  <td>690V<\/td>\r\n  <td>690V<\/td>\r\n  <td>100kVar<\/td>\r\n  <td>800V<\/td>\r\n  <td>134kVar<\/td>\r\n<\/tr>\r\n\r\n    <\/tbody>\r\n  <\/table>\r\n<\/div><\/div>\r\n<\/body>\r\n<\/html>\r\n\t\t\t\t<\/div>\n\t\t\t\t<\/div>\n\t\t\t\t<div class=\"elementor-element elementor-element-101bca2 elementor-widget elementor-widget-text-editor\" data-id=\"101bca2\" data-element_type=\"widget\" data-widget_type=\"text-editor.default\">\n\t\t\t\t<div class=\"elementor-widget-container\">\n\t\t\t\t\t\t\t\t\t<p><em>Mitat 300&#8217;150&#8217;420mm (leveys&#8217;syvyys&#8217;korkeus) kytkent\u00e4koteloineen<\/em><\/p>\t\t\t\t\t\t\t\t<\/div>\n\t\t\t\t<\/div>\n\t\t\t\t\t<\/div>\n\t\t\t\t<\/div>\n\t\t<div class=\"elementor-element elementor-element-3033cf1 e-flex e-con-boxed elementor-invisible e-con e-parent\" data-id=\"3033cf1\" data-element_type=\"container\" data-settings=\"{&quot;background_background&quot;:&quot;classic&quot;,&quot;animation&quot;:&quot;fadeIn&quot;}\">\n\t\t\t\t\t<div class=\"e-con-inner\">\n\t\t<div class=\"elementor-element elementor-element-af16ee0 e-con-full e-flex e-con e-child\" data-id=\"af16ee0\" data-element_type=\"container\" data-settings=\"{&quot;background_background&quot;:&quot;classic&quot;}\">\n\t\t<div class=\"elementor-element elementor-element-112c46a e-con-full e-flex e-con e-child\" data-id=\"112c46a\" data-element_type=\"container\">\n\t\t\t\t<div class=\"elementor-element elementor-element-5cc1550 elementor-widget__width-initial elementor-widget-mobile__width-inherit elementor-widget elementor-widget-heading\" data-id=\"5cc1550\" data-element_type=\"widget\" data-widget_type=\"heading.default\">\n\t\t\t\t<div class=\"elementor-widget-container\">\n\t\t\t\t\t<h2 class=\"elementor-heading-title elementor-size-default\">TKF:n ratkaisuja on k\u00e4yt\u00f6ss\u00e4 tuhansissa kohteissa toimisto&shy;rakennuksista teollisuuteen<\/h2>\t\t\t\t<\/div>\n\t\t\t\t<\/div>\n\t\t\t\t<div class=\"elementor-element elementor-element-392c718 elementor-widget__width-initial elementor-widget-mobile__width-inherit elementor-widget-tablet__width-initial elementor-widget elementor-widget-text-editor\" data-id=\"392c718\" data-element_type=\"widget\" data-widget_type=\"text-editor.default\">\n\t\t\t\t<div class=\"elementor-widget-container\">\n\t\t\t\t\t\t\t\t\t<p style=\"text-align: center;\">Tarpeet vaihtelevat tavanomaisesta loistehon kompensoinnista vaativiin yhteiskunnalle kriittisiin sovelluksiin. Osaamiseemme luottavat sairaalat (Esimerkiksi Suomessa Tampereen yliopistollinen sairaala ja Satakunnan keskussairaala), puolustusvoimat, infrakohteet (Helsinki-Vantaan lentokentt\u00e4, Helsingin metro), teollisuus, kiinteist\u00f6t (VVO, Senaatti-kiinteist\u00f6t) ja s\u00e4hk\u00f6laitokset.<\/p>\t\t\t\t\t\t\t\t<\/div>\n\t\t\t\t<\/div>\n\t\t\t\t<\/div>\n\t\t<div class=\"elementor-element elementor-element-5e9b1f5 e-con-full e-flex e-con e-child\" data-id=\"5e9b1f5\" data-element_type=\"container\">\n\t\t\t\t<div class=\"elementor-element elementor-element-deacf74 elementor-widget elementor-widget-button\" data-id=\"deacf74\" data-element_type=\"widget\" data-widget_type=\"button.default\">\n\t\t\t\t<div class=\"elementor-widget-container\">\n\t\t\t\t\t\t\t\t\t<div class=\"elementor-button-wrapper\">\n\t\t\t\t\t<a class=\"elementor-button elementor-button-link elementor-size-sm\" href=\"http:\/\/31.217.192.161\/~ajatonma\/index.php\/asiakkaat\/\">\n\t\t\t\t\t\t<span class=\"elementor-button-content-wrapper\">\n\t\t\t\t\t\t<span class=\"elementor-button-icon\">\n\t\t\t\t<svg aria-hidden=\"true\" class=\"e-font-icon-svg e-fas-chevron-right\" viewBox=\"0 0 320 512\" xmlns=\"http:\/\/www.w3.org\/2000\/svg\"><path d=\"M285.476 272.971L91.132 467.314c-9.373 9.373-24.569 9.373-33.941 0l-22.667-22.667c-9.357-9.357-9.375-24.522-.04-33.901L188.505 256 34.484 101.255c-9.335-9.379-9.317-24.544.04-33.901l22.667-22.667c9.373-9.373 24.569-9.373 33.941 0L285.475 239.03c9.373 9.372 9.373 24.568.001 33.941z\"><\/path><\/svg>\t\t\t<\/span>\n\t\t\t\t\t\t\t\t\t<span class=\"elementor-button-text\">Asiakkaat<\/span>\n\t\t\t\t\t<\/span>\n\t\t\t\t\t<\/a>\n\t\t\t\t<\/div>\n\t\t\t\t\t\t\t\t<\/div>\n\t\t\t\t<\/div>\n\t\t\t\t<div class=\"elementor-element elementor-element-4dccdba elementor-widget elementor-widget-button\" data-id=\"4dccdba\" data-element_type=\"widget\" data-widget_type=\"button.default\">\n\t\t\t\t<div class=\"elementor-widget-container\">\n\t\t\t\t\t\t\t\t\t<div class=\"elementor-button-wrapper\">\n\t\t\t\t\t<a class=\"elementor-button elementor-button-link elementor-size-sm\" href=\"http:\/\/31.217.192.161\/~ajatonma\/#yhteys\">\n\t\t\t\t\t\t<span class=\"elementor-button-content-wrapper\">\n\t\t\t\t\t\t<span class=\"elementor-button-icon\">\n\t\t\t\t<svg aria-hidden=\"true\" class=\"e-font-icon-svg e-fas-chevron-right\" viewBox=\"0 0 320 512\" xmlns=\"http:\/\/www.w3.org\/2000\/svg\"><path d=\"M285.476 272.971L91.132 467.314c-9.373 9.373-24.569 9.373-33.941 0l-22.667-22.667c-9.357-9.357-9.375-24.522-.04-33.901L188.505 256 34.484 101.255c-9.335-9.379-9.317-24.544.04-33.901l22.667-22.667c9.373-9.373 24.569-9.373 33.941 0L285.475 239.03c9.373 9.372 9.373 24.568.001 33.941z\"><\/path><\/svg>\t\t\t<\/span>\n\t\t\t\t\t\t\t\t\t<span class=\"elementor-button-text\">Ota yhteytt\u00e4<\/span>\n\t\t\t\t\t<\/span>\n\t\t\t\t\t<\/a>\n\t\t\t\t<\/div>\n\t\t\t\t\t\t\t\t<\/div>\n\t\t\t\t<\/div>\n\t\t\t\t<\/div>\n\t\t\t\t<\/div>\n\t\t\t\t\t<\/div>\n\t\t\t\t<\/div>\n\t\t\t\t<\/div>\n\t\t","protected":false},"excerpt":{"rendered":"<p>Kondensaattorit &amp; varaosat Kondensaattorit on tarkoitettu s\u00e4hk\u00f6moottorin paikalliseen kompensointiin tai varaosaksi estokelaparistoon asennetun kondensaattoriyksik\u00f6n tilalle. Tutustu lis\u00e4\u00e4 Loistehon tarve Palvelut [&hellip;]<\/p>\n","protected":false},"author":1,"featured_media":0,"parent":0,"menu_order":0,"comment_status":"closed","ping_status":"closed","template":"","meta":{"site-sidebar-layout":"no-sidebar","site-content-layout":"","ast-site-content-layout":"full-width-container","site-content-style":"default","site-sidebar-style":"default","ast-global-header-display":"","ast-banner-title-visibility":"","ast-main-header-display":"","ast-hfb-above-header-display":"","ast-hfb-below-header-display":"","ast-hfb-mobile-header-display":"","site-post-title":"disabled","ast-breadcrumbs-content":"","ast-featured-img":"disabled","footer-sml-layout":"","theme-transparent-header-meta":"","adv-header-id-meta":"","stick-header-meta":"","header-above-stick-meta":"","header-main-stick-meta":"","header-below-stick-meta":"","astra-migrate-meta-layouts":"default","ast-page-background-enabled":"default","ast-page-background-meta":{"desktop":{"background-color":"var(--ast-global-color-5)","background-image":"","background-repeat":"repeat","background-position":"center center","background-size":"auto","background-attachment":"scroll","background-type":"","background-media":"","overlay-type":"","overlay-color":"","overlay-opacity":"","overlay-gradient":""},"tablet":{"background-color":"","background-image":"","background-repeat":"repeat","background-position":"center center","background-size":"auto","background-attachment":"scroll","background-type":"","background-media":"","overlay-type":"","overlay-color":"","overlay-opacity":"","overlay-gradient":""},"mobile":{"background-color":"","background-image":"","background-repeat":"repeat","background-position":"center center","background-size":"auto","background-attachment":"scroll","background-type":"","background-media":"","overlay-type":"","overlay-color":"","overlay-opacity":"","overlay-gradient":""}},"ast-content-background-meta":{"desktop":{"background-color":"var(--ast-global-color-4)","background-image":"","background-repeat":"repeat","background-position":"center center","background-size":"auto","background-attachment":"scroll","background-type":"","background-media":"","overlay-type":"","overlay-color":"","overlay-opacity":"","overlay-gradient":""},"tablet":{"background-color":"var(--ast-global-color-4)","background-image":"","background-repeat":"repeat","background-position":"center center","background-size":"auto","background-attachment":"scroll","background-type":"","background-media":"","overlay-type":"","overlay-color":"","overlay-opacity":"","overlay-gradient":""},"mobile":{"background-color":"var(--ast-global-color-4)","background-image":"","background-repeat":"repeat","background-position":"center center","background-size":"auto","background-attachment":"scroll","background-type":"","background-media":"","overlay-type":"","overlay-color":"","overlay-opacity":"","overlay-gradient":""}},"footnotes":""},"class_list":["post-1416","page","type-page","status-publish","hentry"],"_links":{"self":[{"href":"http:\/\/31.217.192.161\/~ajatonma\/wp-json\/wp\/v2\/pages\/1416","targetHints":{"allow":["GET"]}}],"collection":[{"href":"http:\/\/31.217.192.161\/~ajatonma\/wp-json\/wp\/v2\/pages"}],"about":[{"href":"http:\/\/31.217.192.161\/~ajatonma\/wp-json\/wp\/v2\/types\/page"}],"author":[{"embeddable":true,"href":"http:\/\/31.217.192.161\/~ajatonma\/wp-json\/wp\/v2\/users\/1"}],"replies":[{"embeddable":true,"href":"http:\/\/31.217.192.161\/~ajatonma\/wp-json\/wp\/v2\/comments?post=1416"}],"version-history":[{"count":80,"href":"http:\/\/31.217.192.161\/~ajatonma\/wp-json\/wp\/v2\/pages\/1416\/revisions"}],"predecessor-version":[{"id":3638,"href":"http:\/\/31.217.192.161\/~ajatonma\/wp-json\/wp\/v2\/pages\/1416\/revisions\/3638"}],"wp:attachment":[{"href":"http:\/\/31.217.192.161\/~ajatonma\/wp-json\/wp\/v2\/media?parent=1416"}],"curies":[{"name":"wp","href":"https:\/\/api.w.org\/{rel}","templated":true}]}}