{"id":1287,"date":"2025-04-08T11:37:42","date_gmt":"2025-04-08T11:37:42","guid":{"rendered":"http:\/\/31.217.192.161\/~ajatonma\/?page_id=1287"},"modified":"2025-09-10T09:40:38","modified_gmt":"2025-09-10T06:40:38","slug":"uutiset","status":"publish","type":"page","link":"http:\/\/31.217.192.161\/~ajatonma\/uutiset\/","title":{"rendered":"Uutiset"},"content":{"rendered":"\t\t<div data-elementor-type=\"wp-page\" data-elementor-id=\"1287\" class=\"elementor elementor-1287\" data-elementor-post-type=\"page\">\n\t\t\t\t<div class=\"elementor-element elementor-element-a35b329 e-flex e-con-boxed e-con e-parent\" data-id=\"a35b329\" data-element_type=\"container\" data-settings=\"{&quot;background_background&quot;:&quot;classic&quot;}\">\n\t\t\t\t\t<div class=\"e-con-inner\">\n\t\t<div class=\"elementor-element elementor-element-0d23b4d e-con-full e-flex e-con e-child\" data-id=\"0d23b4d\" data-element_type=\"container\">\n\t\t<div class=\"elementor-element elementor-element-b836596 e-con-full e-flex e-con e-child\" data-id=\"b836596\" data-element_type=\"container\">\n\t\t\t\t<div class=\"elementor-element elementor-element-be6b3de elementor-widget-tablet__width-inherit elementor-widget elementor-widget-heading\" data-id=\"be6b3de\" data-element_type=\"widget\" data-widget_type=\"heading.default\">\n\t\t\t\t<div class=\"elementor-widget-container\">\n\t\t\t\t\t<h1 class=\"elementor-heading-title elementor-size-default\">TKF power Quality:n ajankohtaisimmat uutiset ja asiantuntijajulkaisut<\/h1>\t\t\t\t<\/div>\n\t\t\t\t<\/div>\n\t\t\t\t<div class=\"elementor-element elementor-element-5405f9d elementor-widget__width-initial elementor-widget-mobile__width-inherit elementor-widget elementor-widget-text-editor\" data-id=\"5405f9d\" data-element_type=\"widget\" data-widget_type=\"text-editor.default\">\n\t\t\t\t<div class=\"elementor-widget-container\">\n\t\t\t\t\t\t\t\t\t<p>Tarpeet vaihtelevat tavanomaisesta loistehon kompensoinnista vaativiin yhteiskunnalle kriittisiin sovelluksiin.<\/p>\t\t\t\t\t\t\t\t<\/div>\n\t\t\t\t<\/div>\n\t\t\t\t<\/div>\n\t\t<div class=\"elementor-element elementor-element-f86df15 e-con-full e-flex e-con e-child\" data-id=\"f86df15\" data-element_type=\"container\">\n\t\t\t\t<div class=\"elementor-element elementor-element-b777a99 elementor-widget elementor-widget-button\" data-id=\"b777a99\" data-element_type=\"widget\" data-widget_type=\"button.default\">\n\t\t\t\t<div class=\"elementor-widget-container\">\n\t\t\t\t\t\t\t\t\t<div class=\"elementor-button-wrapper\">\n\t\t\t\t\t<a class=\"elementor-button elementor-button-link elementor-size-sm\" href=\"#luelisaa\">\n\t\t\t\t\t\t<span class=\"elementor-button-content-wrapper\">\n\t\t\t\t\t\t<span class=\"elementor-button-icon\">\n\t\t\t\t<svg aria-hidden=\"true\" class=\"e-font-icon-svg e-fas-chevron-right\" viewBox=\"0 0 320 512\" xmlns=\"http:\/\/www.w3.org\/2000\/svg\"><path d=\"M285.476 272.971L91.132 467.314c-9.373 9.373-24.569 9.373-33.941 0l-22.667-22.667c-9.357-9.357-9.375-24.522-.04-33.901L188.505 256 34.484 101.255c-9.335-9.379-9.317-24.544.04-33.901l22.667-22.667c9.373-9.373 24.569-9.373 33.941 0L285.475 239.03c9.373 9.372 9.373 24.568.001 33.941z\"><\/path><\/svg>\t\t\t<\/span>\n\t\t\t\t\t\t\t\t\t<span class=\"elementor-button-text\">Tutustu lis\u00e4\u00e4<\/span>\n\t\t\t\t\t<\/span>\n\t\t\t\t\t<\/a>\n\t\t\t\t<\/div>\n\t\t\t\t\t\t\t\t<\/div>\n\t\t\t\t<\/div>\n\t\t\t\t<div class=\"elementor-element elementor-element-0711b59 elementor-widget elementor-widget-button\" data-id=\"0711b59\" data-element_type=\"widget\" data-widget_type=\"button.default\">\n\t\t\t\t<div class=\"elementor-widget-container\">\n\t\t\t\t\t\t\t\t\t<div class=\"elementor-button-wrapper\">\n\t\t\t\t\t<a class=\"elementor-button elementor-button-link elementor-size-sm\" href=\"http:\/\/31.217.192.161\/~ajatonma\/index.php\/yhteystiedot\/\">\n\t\t\t\t\t\t<span class=\"elementor-button-content-wrapper\">\n\t\t\t\t\t\t<span class=\"elementor-button-icon\">\n\t\t\t\t<svg aria-hidden=\"true\" class=\"e-font-icon-svg e-fas-chevron-right\" viewBox=\"0 0 320 512\" xmlns=\"http:\/\/www.w3.org\/2000\/svg\"><path d=\"M285.476 272.971L91.132 467.314c-9.373 9.373-24.569 9.373-33.941 0l-22.667-22.667c-9.357-9.357-9.375-24.522-.04-33.901L188.505 256 34.484 101.255c-9.335-9.379-9.317-24.544.04-33.901l22.667-22.667c9.373-9.373 24.569-9.373 33.941 0L285.475 239.03c9.373 9.372 9.373 24.568.001 33.941z\"><\/path><\/svg>\t\t\t<\/span>\n\t\t\t\t\t\t\t\t\t<span class=\"elementor-button-text\">Ota yhteytt\u00e4<\/span>\n\t\t\t\t\t<\/span>\n\t\t\t\t\t<\/a>\n\t\t\t\t<\/div>\n\t\t\t\t\t\t\t\t<\/div>\n\t\t\t\t<\/div>\n\t\t\t\t<\/div>\n\t\t\t\t<div class=\"elementor-element elementor-element-15e9b7c elementor-widget elementor-widget-menu-anchor\" data-id=\"15e9b7c\" data-element_type=\"widget\" data-widget_type=\"menu-anchor.default\">\n\t\t\t\t<div class=\"elementor-widget-container\">\n\t\t\t\t\t\t\t<div class=\"elementor-menu-anchor\" id=\"luelisaa\"><\/div>\n\t\t\t\t\t\t<\/div>\n\t\t\t\t<\/div>\n\t\t\t\t<\/div>\n\t\t\t\t\t<\/div>\n\t\t\t\t<\/div>\n\t\t<div class=\"elementor-element elementor-element-a6041d8 e-flex e-con-boxed e-con e-parent\" data-id=\"a6041d8\" data-element_type=\"container\">\n\t\t\t\t\t<div class=\"e-con-inner\">\n\t\t\t\t<div class=\"elementor-element elementor-element-e19d05f uael-equal__height-yes uael-posts-thumbnail-ratio elementor-widget elementor-widget-uael-posts\" data-id=\"e19d05f\" data-element_type=\"widget\" data-settings=\"{&quot;classic_slides_to_show_tablet&quot;:1,&quot;classic_slides_to_show&quot;:3,&quot;classic_slides_to_show_mobile&quot;:1}\" data-widget_type=\"uael-posts.classic\">\n\t\t\t\t<div class=\"elementor-widget-container\">\n\t\t\t\t\t\t\t<div class=\"uael-post__header\">\n\t\t\t\t\t<\/div>\n\t\t<div class=\"uael-post__body\">\n\t\t\t\n\t\t\n\t\t<div class=\"uael-blog-terms-position- uael-post-image-top uael-post-grid uael-posts\" data-query-type=\"custom\" data-structure=\"normal\" data-layout=\"\" data-page=\"1287\" data-skin=\"classic\" data-filter-default=\"\" data-offset-top=\"30\" >\n\n\t\t\t\t\t\t\t<div class=\"uael-post-grid__inner uael-post__columns-3 uael-post__columns-tablet-1 uael-post__columns-mobile-1\">\n\t\t\t\n<div class=\"uael-post-wrapper   uncategorized \">\n\t<div class=\"uael-post__bg-wrap uael-bg-wrap-disabled \">\n\n\t\t\t\t\n\t\t<div class=\"uael-post__inner-wrap uael-inner-wrap-disabled\">\n\n\t\t\t\t<div class=\"uael-post__thumbnail\">\n\t\t\t\t\t\t\t<img decoding=\"async\" src=\"http:\/\/31.217.192.161\/~ajatonma\/wp-content\/uploads\/elementor\/thumbs\/rakentaminen-r4cgst8fonalxvruxkdmzgyf29qpdn15xmmxme1gp2.jpg\" title=\"rakentaminen\" alt=\"Rakentaminen &amp; kiinteist\u00f6huolto\" loading=\"lazy\" \/>\t\t\t\t\t\t<\/div>\n\t\t\n\t\t\t\n\t\t\t<div class=\"uael-post__content-wrap uael-content-wrap-disabled\">\n\t\t\t\t\t<h4 class=\"uael-post__title\">\n\n\t\t\t\t\tS\u00e4hk\u00f6nlaadun tekninen asiantuntija \u2013 We are hiring!\t\t\t\t<\/h4>\n\t\t\t\t\t<div class=\"uael-post__meta-data\">\n\t\t\t\t\t<span class=\"uael-post__date\">\n\t\t\t\t\t\t\t\t\t\t\t\t\t\t\t\t\t\t\t\t\t\t\n\t\t\t12.3.2025\t\t<\/span>\n\t\t<span class=\"uael-post__terms-meta uael-post__terms-meta-tag\"> <a href=\"http:\/\/31.217.192.161\/~ajatonma\/tag\/uutiset\/\" class=\"uael-listing__terms-link\" id=\"uael-post-term-uutiset\" aria-labelledby=\"uael-post-term-uutiset\">Uutiset<\/a><\/span>\t\t<\/div>\n\t\t\n\t\t<div class=\"uael-post__excerpt\">\n\t\t\tOletko kiinnostunut s\u00e4hk\u00f6verkkojen toimivuudesta ja s\u00e4hk\u00f6nlaadun varmistamisesta? Haluatko ty\u00f6skennell\u00e4 asiantuntijateht\u00e4viss\u00e4, joissa p\u00e4\u00e4set vaikuttamaan energiaj\u00e4rjestelmien luotettavuuteen ja kehitykseen? Liity ...\t\t<\/div>\n\n\t\t\t\t\t<a class=\"uael-post__read-more elementor-button\" href=\"http:\/\/31.217.192.161\/~ajatonma\/hello-world-4\/\" target=\"_self\" aria-labelledby=\"uael-post-611\">\n\t\t\t\t\t<span class=\"elementor-button-content-wrapper\">\n\t\t\t\t\t\t\t\t\t\t\t\t\t\t<span class=\"elementor-button-icon elementor-align-icon-right\">\n\n\t\t\t\t\t\t\t\t\t<svg xmlns=\"http:\/\/www.w3.org\/2000\/svg\" width=\"40\" height=\"40\" viewBox=\"0 0 40 40\"><g id=\"Group_83\" data-name=\"Group 83\" transform=\"translate(-1552 -1645)\"><g id=\"Rectangle_12\" data-name=\"Rectangle 12\" transform=\"translate(1552 1645)\" fill=\"none\" stroke=\"#129cd6\" stroke-width=\"1\"><rect width=\"40\" height=\"40\" rx=\"20\" stroke=\"none\"><\/rect><rect x=\"0.5\" y=\"0.5\" width=\"39\" height=\"39\" rx=\"19.5\" fill=\"none\"><\/rect><\/g><path id=\"Icon_ionic-ios-arrow-forward\" data-name=\"Icon ionic-ios-arrow-forward\" d=\"M15.961,12.1,11.494,7.633a.84.84,0,0,1,0-1.191.851.851,0,0,1,1.195,0L17.75,11.5a.842.842,0,0,1,.025,1.163l-5.082,5.092A.844.844,0,1,1,11.5,16.563Z\" transform=\"translate(1558.379 1652.902)\" fill=\"#129cd6\"><\/path><\/g><\/svg>\n\t\t\t\t\t\t\t\t<\/span>\n\t\t\t\t\t\t\t\t\t\t\t\t\t\n\t\t\t\t\t\t<span class=\"elementor-button-text\" id=uael-post-611><\/span>\n\t\t\t\t\t<\/span>\n\t\t\t\t<\/a>\n\t\t\t\t\t\t<\/div>\n\t\t\t\n\t\t<\/div>\n\t\t\n\t<\/div>\n\n<\/div>\n\n<div class=\"uael-post-wrapper   uncategorized \">\n\t<div class=\"uael-post__bg-wrap uael-bg-wrap-disabled \">\n\n\t\t\t\t\n\t\t<div class=\"uael-post__inner-wrap uael-inner-wrap-disabled\">\n\n\t\t\t\t<div class=\"uael-post__thumbnail\">\n\t\t\t\t\t\t\t<img decoding=\"async\" src=\"http:\/\/31.217.192.161\/~ajatonma\/wp-content\/uploads\/elementor\/thumbs\/asennuspalvelut-r4cdjx0zrd9w3nkiijcwegvrk7wf4pyvj1y42ld0hy.jpg\" title=\"asennuspalvelut\" alt=\"Rakentaminen &amp; kiinteist\u00f6huolto\" loading=\"lazy\" \/>\t\t\t\t\t\t<\/div>\n\t\t\n\t\t\t\n\t\t\t<div class=\"uael-post__content-wrap uael-content-wrap-disabled\">\n\t\t\t\t\t<h4 class=\"uael-post__title\">\n\n\t\t\t\t\tLoisteho ja sen kompensoiminen\t\t\t\t<\/h4>\n\t\t\t\t\t<div class=\"uael-post__meta-data\">\n\t\t\t\t\t<span class=\"uael-post__date\">\n\t\t\t\t\t\t\t\t\t\t\t\t\t\t\t\t\t\t\t\t\t\t\n\t\t\t5.3.2025\t\t<\/span>\n\t\t<span class=\"uael-post__terms-meta uael-post__terms-meta-tag\"> <a href=\"http:\/\/31.217.192.161\/~ajatonma\/tag\/uutiset\/\" class=\"uael-listing__terms-link\" id=\"uael-post-term-uutiset\" aria-labelledby=\"uael-post-term-uutiset\">Uutiset<\/a><\/span>\t\t<\/div>\n\t\t\n\t\t<div class=\"uael-post__excerpt\">\n\t\t\tKaikki s\u00e4hk\u00f6laitteet tarvitsevat toimiakseen p\u00e4t\u00f6tehoa. P\u00e4t\u00f6teho k\u00e4ytet\u00e4\u00e4n todelliseen ty\u00f6h\u00f6n, kuten s\u00e4hk\u00f6moottorin py\u00f6ritt\u00e4miseen. Useat s\u00e4hk\u00f6laitteet tarvitsevat toimiakseen my\u00f6s loistehoa. ...\t\t<\/div>\n\n\t\t\t\t\t<a class=\"uael-post__read-more elementor-button\" href=\"http:\/\/31.217.192.161\/~ajatonma\/hello-world-3\/\" target=\"_self\" aria-labelledby=\"uael-post-603\">\n\t\t\t\t\t<span class=\"elementor-button-content-wrapper\">\n\t\t\t\t\t\t\t\t\t\t\t\t\t\t<span class=\"elementor-button-icon elementor-align-icon-right\">\n\n\t\t\t\t\t\t\t\t\t<svg xmlns=\"http:\/\/www.w3.org\/2000\/svg\" width=\"40\" height=\"40\" viewBox=\"0 0 40 40\"><g id=\"Group_83\" data-name=\"Group 83\" transform=\"translate(-1552 -1645)\"><g id=\"Rectangle_12\" data-name=\"Rectangle 12\" transform=\"translate(1552 1645)\" fill=\"none\" stroke=\"#129cd6\" stroke-width=\"1\"><rect width=\"40\" height=\"40\" rx=\"20\" stroke=\"none\"><\/rect><rect x=\"0.5\" y=\"0.5\" width=\"39\" height=\"39\" rx=\"19.5\" fill=\"none\"><\/rect><\/g><path id=\"Icon_ionic-ios-arrow-forward\" data-name=\"Icon ionic-ios-arrow-forward\" d=\"M15.961,12.1,11.494,7.633a.84.84,0,0,1,0-1.191.851.851,0,0,1,1.195,0L17.75,11.5a.842.842,0,0,1,.025,1.163l-5.082,5.092A.844.844,0,1,1,11.5,16.563Z\" transform=\"translate(1558.379 1652.902)\" fill=\"#129cd6\"><\/path><\/g><\/svg>\n\t\t\t\t\t\t\t\t<\/span>\n\t\t\t\t\t\t\t\t\t\t\t\t\t\n\t\t\t\t\t\t<span class=\"elementor-button-text\" id=uael-post-603><\/span>\n\t\t\t\t\t<\/span>\n\t\t\t\t<\/a>\n\t\t\t\t\t\t<\/div>\n\t\t\t\n\t\t<\/div>\n\t\t\n\t<\/div>\n\n<\/div>\n\n<div class=\"uael-post-wrapper   uncategorized \">\n\t<div class=\"uael-post__bg-wrap uael-bg-wrap-disabled \">\n\n\t\t\t\t\n\t\t<div class=\"uael-post__inner-wrap uael-inner-wrap-disabled\">\n\n\t\t\t\t<div class=\"uael-post__thumbnail\">\n\t\t\t\t\t\t\t<img decoding=\"async\" src=\"http:\/\/31.217.192.161\/~ajatonma\/wp-content\/uploads\/elementor\/thumbs\/sahkourakoitsija-r4chaernmzdvb27m6686o133fz03hmw90qc72vy47a.jpg\" title=\"sahkourakoitsija\" alt=\"sahkourakoitsija\" loading=\"lazy\" \/>\t\t\t\t\t\t<\/div>\n\t\t\n\t\t\t\n\t\t\t<div class=\"uael-post__content-wrap uael-content-wrap-disabled\">\n\t\t\t\t\t<h4 class=\"uael-post__title\">\n\n\t\t\t\t\tOlemme nyt TKF Power Quality Oy\t\t\t\t<\/h4>\n\t\t\t\t\t<div class=\"uael-post__meta-data\">\n\t\t\t\t\t<span class=\"uael-post__date\">\n\t\t\t\t\t\t\t\t\t\t\t\t\t\t\t\t\t\t\t\t\t\t\n\t\t\t1.1.2023\t\t<\/span>\n\t\t<span class=\"uael-post__terms-meta uael-post__terms-meta-tag\"> <a href=\"http:\/\/31.217.192.161\/~ajatonma\/tag\/uutiset\/\" class=\"uael-listing__terms-link\" id=\"uael-post-term-uutiset\" aria-labelledby=\"uael-post-term-uutiset\">Uutiset<\/a><\/span>\t\t<\/div>\n\t\t\n\t\t<div class=\"uael-post__excerpt\">\n\t\t\tTampereen Kondensaattoritehdas (TKF) yhti\u00f6itettiin omaksi yhti\u00f6kseen 1.1.2023 alkaen. Samalla yrityksen uudeksi nimeksi vaihtui TKF Power Quality Oy. TKF ...\t\t<\/div>\n\n\t\t\t\t\t<a class=\"uael-post__read-more elementor-button\" href=\"http:\/\/31.217.192.161\/~ajatonma\/hello-world-2\/\" target=\"_self\" aria-labelledby=\"uael-post-601\">\n\t\t\t\t\t<span class=\"elementor-button-content-wrapper\">\n\t\t\t\t\t\t\t\t\t\t\t\t\t\t<span class=\"elementor-button-icon elementor-align-icon-right\">\n\n\t\t\t\t\t\t\t\t\t<svg xmlns=\"http:\/\/www.w3.org\/2000\/svg\" width=\"40\" height=\"40\" viewBox=\"0 0 40 40\"><g id=\"Group_83\" data-name=\"Group 83\" transform=\"translate(-1552 -1645)\"><g id=\"Rectangle_12\" data-name=\"Rectangle 12\" transform=\"translate(1552 1645)\" fill=\"none\" stroke=\"#129cd6\" stroke-width=\"1\"><rect width=\"40\" height=\"40\" rx=\"20\" stroke=\"none\"><\/rect><rect x=\"0.5\" y=\"0.5\" width=\"39\" height=\"39\" rx=\"19.5\" fill=\"none\"><\/rect><\/g><path id=\"Icon_ionic-ios-arrow-forward\" data-name=\"Icon ionic-ios-arrow-forward\" d=\"M15.961,12.1,11.494,7.633a.84.84,0,0,1,0-1.191.851.851,0,0,1,1.195,0L17.75,11.5a.842.842,0,0,1,.025,1.163l-5.082,5.092A.844.844,0,1,1,11.5,16.563Z\" transform=\"translate(1558.379 1652.902)\" fill=\"#129cd6\"><\/path><\/g><\/svg>\n\t\t\t\t\t\t\t\t<\/span>\n\t\t\t\t\t\t\t\t\t\t\t\t\t\n\t\t\t\t\t\t<span class=\"elementor-button-text\" id=uael-post-601><\/span>\n\t\t\t\t\t<\/span>\n\t\t\t\t<\/a>\n\t\t\t\t\t\t<\/div>\n\t\t\t\n\t\t<\/div>\n\t\t\n\t<\/div>\n\n<\/div>\n\t\t\t\t<\/div>\n\t\t\t\t\t\t\n\t\t<\/div>\n\n\t\t\t\t\t\t<\/div>\n\t\t<div class=\"uael-post__footer\">\n\t\t\t\t\t<\/div>\n\t\t\t\t\t\t<\/div>\n\t\t\t\t<\/div>\n\t\t\t\t\t<\/div>\n\t\t\t\t<\/div>\n\t\t\t\t<\/div>\n\t\t","protected":false},"excerpt":{"rendered":"<p>TKF power Quality:n ajankohtaisimmat uutiset ja asiantuntijajulkaisut Tarpeet vaihtelevat tavanomaisesta loistehon kompensoinnista vaativiin yhteiskunnalle kriittisiin sovelluksiin. Tutustu lis\u00e4\u00e4 Ota yhteytt\u00e4 [&hellip;]<\/p>\n","protected":false},"author":1,"featured_media":0,"parent":0,"menu_order":0,"comment_status":"closed","ping_status":"closed","template":"","meta":{"site-sidebar-layout":"no-sidebar","site-content-layout":"","ast-site-content-layout":"full-width-container","site-content-style":"default","site-sidebar-style":"default","ast-global-header-display":"","ast-banner-title-visibility":"","ast-main-header-display":"","ast-hfb-above-header-display":"","ast-hfb-below-header-display":"","ast-hfb-mobile-header-display":"","site-post-title":"disabled","ast-breadcrumbs-content":"","ast-featured-img":"disabled","footer-sml-layout":"","theme-transparent-header-meta":"","adv-header-id-meta":"","stick-header-meta":"","header-above-stick-meta":"","header-main-stick-meta":"","header-below-stick-meta":"","astra-migrate-meta-layouts":"default","ast-page-background-enabled":"default","ast-page-background-meta":{"desktop":{"background-color":"var(--ast-global-color-5)","background-image":"","background-repeat":"repeat","background-position":"center center","background-size":"auto","background-attachment":"scroll","background-type":"","background-media":"","overlay-type":"","overlay-color":"","overlay-opacity":"","overlay-gradient":""},"tablet":{"background-color":"","background-image":"","background-repeat":"repeat","background-position":"center center","background-size":"auto","background-attachment":"scroll","background-type":"","background-media":"","overlay-type":"","overlay-color":"","overlay-opacity":"","overlay-gradient":""},"mobile":{"background-color":"","background-image":"","background-repeat":"repeat","background-position":"center center","background-size":"auto","background-attachment":"scroll","background-type":"","background-media":"","overlay-type":"","overlay-color":"","overlay-opacity":"","overlay-gradient":""}},"ast-content-background-meta":{"desktop":{"background-color":"var(--ast-global-color-4)","background-image":"","background-repeat":"repeat","background-position":"center center","background-size":"auto","background-attachment":"scroll","background-type":"","background-media":"","overlay-type":"","overlay-color":"","overlay-opacity":"","overlay-gradient":""},"tablet":{"background-color":"var(--ast-global-color-4)","background-image":"","background-repeat":"repeat","background-position":"center center","background-size":"auto","background-attachment":"scroll","background-type":"","background-media":"","overlay-type":"","overlay-color":"","overlay-opacity":"","overlay-gradient":""},"mobile":{"background-color":"var(--ast-global-color-4)","background-image":"","background-repeat":"repeat","background-position":"center center","background-size":"auto","background-attachment":"scroll","background-type":"","background-media":"","overlay-type":"","overlay-color":"","overlay-opacity":"","overlay-gradient":""}},"footnotes":""},"class_list":["post-1287","page","type-page","status-publish","hentry"],"_links":{"self":[{"href":"http:\/\/31.217.192.161\/~ajatonma\/wp-json\/wp\/v2\/pages\/1287","targetHints":{"allow":["GET"]}}],"collection":[{"href":"http:\/\/31.217.192.161\/~ajatonma\/wp-json\/wp\/v2\/pages"}],"about":[{"href":"http:\/\/31.217.192.161\/~ajatonma\/wp-json\/wp\/v2\/types\/page"}],"author":[{"embeddable":true,"href":"http:\/\/31.217.192.161\/~ajatonma\/wp-json\/wp\/v2\/users\/1"}],"replies":[{"embeddable":true,"href":"http:\/\/31.217.192.161\/~ajatonma\/wp-json\/wp\/v2\/comments?post=1287"}],"version-history":[{"count":55,"href":"http:\/\/31.217.192.161\/~ajatonma\/wp-json\/wp\/v2\/pages\/1287\/revisions"}],"predecessor-version":[{"id":3657,"href":"http:\/\/31.217.192.161\/~ajatonma\/wp-json\/wp\/v2\/pages\/1287\/revisions\/3657"}],"wp:attachment":[{"href":"http:\/\/31.217.192.161\/~ajatonma\/wp-json\/wp\/v2\/media?parent=1287"}],"curies":[{"name":"wp","href":"https:\/\/api.w.org\/{rel}","templated":true}]}}